- 85. Let r(j) = j**3 + 8*j**2 + 2*j - 14. Let l be r(t). What is the greatest common factor of l and 105?
21
Suppose 2*r - 5*c + 18 = 0, 0 = -4*r - 4*c + 3*c + 8. Let t be (-3 - ((-2)/1)/r)*-75. Calculate the greatest common divisor of 30 and t.
15
Let n = 1459 - 1419. Calculate the greatest common divisor of 520 and n.
40
Let o(i) = 15 + 3*i - 1 - 2*i. Let k be o(4). Calculate the greatest common factor of k and 126.
18
Let t(m) = m**2 + 2*m. Let r be t(-3). Suppose 0 = -c + r*j + 28, 3*c - 25 = -3*j - 1. Let n = -375 + 414. Calculate the highest common factor of n and c.
13
Let y(i) = i - 8. Let k be y(12). Suppose k = 4*h - 80. What is the highest common divisor of 14 and h?
7
Let b(y) = 2*y**2 + 8*y - 12. Let r be b(8). What is the greatest common divisor of 20 and r?
20
Suppose -x - 21 = -2*f + 4*x, -5*x + 48 = f. Calculate the greatest common factor of 253 and f.
23
Let w = 7 + 9. Let m be 4*-2*(-3)/(-12) + 3. Let b be -3*m + (77 - -6). What is the highest common factor of b and w?
16
Let m = 52 + 164. Suppose -11*j + 5*j = -m. Let x = 4 + 5. Calculate the highest common factor of x and j.
9
Suppose 3*n - q + 0 - 2 = 0, 3*n = 4*q - 10. Suppose -21 = n*c - 5*c. What is the highest common factor of c and 14?
7
Suppose 0 = 4*b + b + 20, 2*b = -3*v + 82. Let o = 8 - 6. Suppose -o*r + 51 = -9. Calculate the highest common factor of r and v.
30
Let n = 778 - 742. What is the greatest common factor of n and 63?
9
Let k = -480 - -884. What is the highest common factor of 4 and k?
4
Suppose 5*r - 14 = -19. Let z be (15/4)/((-2)/8). Let t = r - z. What is the greatest common factor of 35 and t?
7
Suppose 0 = 5*u - 5*k - 225, 5*k - 39 = 4*u - 5*u. Suppose 7 = 4*v - 17. Suppose -5*g - u = -v*g. Calculate the greatest common factor of 11 and g.
11
Let p be (4 - 5)/((-1)/2). Suppose 2*k + x = 4*x + 120, -p*k - 5*x = -152. What is the greatest common divisor of k and 22?
22
Suppose 0 = -o - 5 + 13. What is the highest common divisor of o and 56?
8
Let y = -591 + 685. Calculate the highest common factor of 2162 and y.
94
Let u(x) be the second derivative of -x**5/20 - 3*x**4/4 - 8*x**3/3 - 5*x**2 + 4*x. Let p be u(-7). Calculate the highest common divisor of p and 12.
4
Let u(l) = -16*l - 4. Let m be u(-2). Calculate the highest common factor of m and 252.
28
Suppose 4*r - 2 = 6. Let k = 2 - r. Suppose k = 7*a - 912 + 387. What is the highest common divisor of a and 30?
15
Let k be (2/5)/((-3)/(-15)). Let s be 98*2 - (-2)/6*-9. Suppose -k*z = 61 - s. Calculate the greatest common divisor of 11 and z.
11
Let h = -912 + 942. Calculate the highest common divisor of 160 and h.
10
Let i be 28/(-3) + 3/9. Let n = 50 - 49. Let j = n - i. What is the highest common factor of j and 80?
10
Let f(o) = 31*o - 110. Let w be f(14). What is the highest common divisor of w and 36?
36
Suppose 37*h = 307 + 2357. What is the highest common divisor of h and 36?
36
Let l = -38 + 41. Suppose -l*k = -2*w - 52, -k - 2*k - 5*w = -80. What is the highest common factor of 50 and k?
10
Let v(u) = -45*u + 5. Let d be v(-1). Suppose -15*q = -20*q + d. Calculate the greatest common divisor of 110 and q.
10
Suppose -4*f = 5*z + 6 - 25, f + 8 = 3*z. Let m be (-3 - -1) + 16*f. Let l(o) = 5*o + 114. Let a be l(-20). Calculate the greatest common factor of m and a.
14
Let a = 1916 - 968. What is the highest common divisor of 12 and a?
12
Let u(v) = -2*v**2 + 58*v + 292. Let b be u(28). Calculate the highest common factor of 8 and b.
4
Suppose -7*f + 2*f = 0. Suppose -3*i - n + 31 = 0, 5*i - 4*i + 2*n - 2 = f. What is the highest common divisor of 60 and i?
12
Let l(k) = -27*k + 52. Let r be l(-9). What is the highest common factor of r and 118?
59
Let p be 211 - (-2 - (-4 - 6)). What is the greatest common divisor of p and 14?
7
Suppose -12*b - 255 = -7*b. Let r = 79 + b. What is the greatest common divisor of 28 and r?
28
Let o be -1*(-4)/(12/(-21)). Let j be (1 - 0) + (-6 - o). Let p be (-170)/(-4) + (-1)/j. Calculate the greatest common divisor of 6 and p.
6
Suppose 0 = g + 2*g - 255. Suppose d + 205 = 3*d + 3*b, 0 = d + 5*b - g. Calculate the greatest common factor of 22 and d.
22
Suppose -1 - 9 = 4*u - 2*x, -15 = 2*u + x. Let n = u - -15. Suppose a + n = 35. What is the greatest common divisor of a and 5?
5
Suppose -2*y + 8 = -4*q, 1 + 15 = -5*y + q. Let x be 10*40/16*y/(-5). Calculate the highest common divisor of 220 and x.
20
Let t be 1 + -3 + (-1 + 1)/(-3). Let m(j) = 4*j**2 - 5*j - 2. Let y be m(t). What is the greatest common factor of y and 56?
8
Suppose 7*s - 150 = 2*s. Calculate the greatest common factor of 10 and s.
10
Let q be -5 - -10 - 1*3. Suppose 4*a - 5*x - q = 23, 5*x = 15. Let l = 55 + a. What is the greatest common divisor of 26 and l?
13
Suppose 0 = -2*a - 5*q - 24, -5 - 7 = -4*a + 5*q. Let g be 52 + (a + 6 - 0 - 1). What is the highest common divisor of 33 and g?
11
Suppose 10*w - 4*w - 228 = 0. What is the greatest common divisor of 114 and w?
38
Let x(v) = v**2 + v - 12. Let b be x(-7). Let r be b/10 + 62/2. Suppose 255 = -2*p + 5*p. Calculate the greatest common divisor of r and p.
17
Let t(c) = 2*c**2 + 5 + 13*c + 5 - 2. Let m be t(-6). Calculate the greatest common factor of m and 26.
2
Let i = -245 - -247. What is the highest common factor of i and 20?
2
Let r = 1838 + -1804. Let n = -55 + 123. Calculate the highest common divisor of r and n.
34
Let k(u) = -u**2 + 15*u + 56. Let c be k(17). Let r = 19 + 3. Calculate the greatest common factor of c and r.
22
Let o be ((-4)/6)/(-1)*6. Suppose -20 = -5*b + 5*s, -o*b + s = 5*s - 16. Calculate the greatest common factor of 44 and b.
4
Let k = 51 + -41. Let g be 15/(-5) - 0 - -13. What is the greatest common divisor of g and k?
10
Let g be 5/(20/(-12))*-4. Suppose 0 = 6*a - 7*a - 3*m - 8, 0 = -5*a + m + 24. What is the highest common factor of g and a?
4
Let r(d) = 113*d**3 + 3*d**2 + 7*d - 7. Let c be r(1). Calculate the highest common divisor of 261 and c.
29
Let v = -418 + 458. Calculate the highest common divisor of v and 440.
40
Suppose -38*r + 43*r = 0. Suppose r*q = -q + 7. What is the greatest common divisor of q and 7?
7
Let j be (-6 - (-33)/6)/((-1)/(-54)). Let a be (-10)/15 - 116/(-3). Let q = a + j. Calculate the greatest common factor of q and 1.
1
Let d(i) = i**3 - 18*i**2 + 19*i - 31. Let p be d(17). Suppose -2*c = 2*b + b - 23, 0 = b - p. Calculate the greatest common factor of 28 and c.
7
Let h = 584 + -284. Let a = 1 - 1. Suppose a*s + 4*s = h. What is the highest common divisor of s and 15?
15
Let o be (1 - -7) + -1 + -1 + 6. Calculate the greatest common factor of 12 and o.
12
Let x = 1684 - 1654. Suppose 2*p = 2*l - 594, -3*p + 357 - 48 = l. What is the highest common divisor of l and x?
30
Let u be (-2)/6 + 5*(-3)/(-45). Suppose -4*m - 4 + 36 = u. What is the greatest common factor of m and 64?
8
Let m = 30 + -9. Let r be (-35 - 1)*((-793)/52)/61. What is the highest common factor of m and r?
3
Suppose -19 = 2*p - 83. Let g be p/12 + 2/6. Suppose j + 17 = 4*a - 2*a, g*a = 5*j + 22. What is the highest common factor of 18 and a?
9
Let b(x) = 12*x - 176. Let r be b(17). What is the greatest common divisor of 203 and r?
7
Suppose 2*h - 3 = 5*d + 9, 5*h - 30 = 2*d. Suppose 3*t - h*t + 210 = 0. Calculate the greatest common divisor of t and 10.
10
Let p(g) be the second derivative of 0 + 6*g + 3/2*g**3 - 1/12*g**4 - 1/2*g**2. Let a be p(5). Calculate the highest common divisor of 95 and a.
19
Let x(g) = 14*g + 3. Let i be x(-3). Let n be (-6)/i + (-1311)/(-13). Let t = -57 + n. Calculate the greatest common divisor of 4 and t.
4
Let v be 517 - (29 - 9)/10. Calculate the highest common divisor of 206 and v.
103
Suppose -4*u = -5*v + 51, v + 2*v - u = 32. Let o(j) = j**2 + 11. Let z be o(0). What is the highest common factor of v and z?
11
Let c be (-1009)/(-12) + (-9)/108. Suppose -2*y + 20 = -4. Calculate the greatest common divisor of y and c.
12
Suppose 2*w = -6, -428 = -4*m + 2*w - 6*w. Let c be m/15 + 6/9. Calculate the highest common divisor of 1 and c.
1
Suppose 12*c = 2254 + 2354. Calculate the highest common factor of 6 and c.
6
Let m be (46 - 1) + 0/2. Let b be -4 - (-49 + 0/(-3)). What is the greatest common divisor of b and m?
45
Let r(q) = -6*q - 20. Let x be r(-8). Suppose -x 